{"id":677,"date":"2023-01-05T18:40:36","date_gmt":"2023-01-05T18:40:36","guid":{"rendered":"http:\/\/cechlomza.pl\/?page_id=677"},"modified":"2023-01-05T18:41:15","modified_gmt":"2023-01-05T18:41:15","slug":"o-cechu","status":"publish","type":"page","link":"https:\/\/cechlomza.pl\/index.php\/o-cechu\/","title":{"rendered":"O Cechu"},"content":{"rendered":"\t\t<div data-elementor-type=\"wp-page\" data-elementor-id=\"677\" class=\"elementor elementor-677\" data-elementor-post-type=\"page\">\n\t\t\t\t\t\t\t\t\t<section class=\"elementor-section elementor-top-section elementor-element elementor-element-b0b0836 elementor-section-boxed elementor-section-height-default elementor-section-height-default\" data-id=\"b0b0836\" data-element_type=\"section\">\n\t\t\t\t\t\t<div class=\"elementor-container elementor-column-gap-default\">\n\t\t\t\t\t<div class=\"elementor-column elementor-col-100 elementor-top-column elementor-element elementor-element-49f5d2c\" data-id=\"49f5d2c\" data-element_type=\"column\">\n\t\t\t<div class=\"elementor-widget-wrap elementor-element-populated\">\n\t\t\t\t\t\t\t\t<div class=\"elementor-element elementor-element-6330613 elementor-widget elementor-widget-heading\" data-id=\"6330613\" data-element_type=\"widget\" data-widget_type=\"heading.default\">\n\t\t\t\t<div class=\"elementor-widget-container\">\n\t\t\t<h1 class=\"elementor-heading-title elementor-size-xxl\">Informacje og\u00f3lne<\/h1>\t\t<\/div>\n\t\t\t\t<\/div>\n\t\t\t\t<div class=\"elementor-element elementor-element-ab65c9e elementor-widget elementor-widget-spacer\" data-id=\"ab65c9e\" data-element_type=\"widget\" data-widget_type=\"spacer.default\">\n\t\t\t\t<div class=\"elementor-widget-container\">\n\t\t\t\t\t<div class=\"elementor-spacer\">\n\t\t\t<div class=\"elementor-spacer-inner\"><\/div>\n\t\t<\/div>\n\t\t\t\t<\/div>\n\t\t\t\t<\/div>\n\t\t\t\t<div class=\"elementor-element elementor-element-3ee2902 elementor-widget elementor-widget-text-editor\" data-id=\"3ee2902\" data-element_type=\"widget\" data-widget_type=\"text-editor.default\">\n\t\t\t\t<div class=\"elementor-widget-container\">\n\t\t\t\t\t\t\t<p>Cech jest stowarzyszeniem zrzeszaj\u0105cym pracodawc\u00f3w na terenie miasta i gminy \u0141om\u017ca oraz powiatu \u0142om\u017cy\u0144skiego.<\/p>\t\t\t\t\t\t<\/div>\n\t\t\t\t<\/div>\n\t\t\t\t<div class=\"elementor-element elementor-element-e562486 elementor-widget elementor-widget-text-editor\" data-id=\"e562486\" data-element_type=\"widget\" data-widget_type=\"text-editor.default\">\n\t\t\t\t<div class=\"elementor-widget-container\">\n\t\t\t\t\t\t\t<p><strong>Do g\u0142\u00f3wnych zada\u0144 Cechu nale\u017cy:<\/strong><\/p>\t\t\t\t\t\t<\/div>\n\t\t\t\t<\/div>\n\t\t\t\t<div class=\"elementor-element elementor-element-085956b elementor-icon-list--layout-traditional elementor-list-item-link-full_width elementor-widget elementor-widget-icon-list\" data-id=\"085956b\" data-element_type=\"widget\" data-widget_type=\"icon-list.default\">\n\t\t\t\t<div class=\"elementor-widget-container\">\n\t\t\t\t\t<ul class=\"elementor-icon-list-items\">\n\t\t\t\t\t\t\t<li class=\"elementor-icon-list-item\">\n\t\t\t\t\t\t\t\t\t\t\t<span class=\"elementor-icon-list-icon\">\n\t\t\t\t\t\t\t<i aria-hidden=\"true\" class=\"fas fa-chevron-right\"><\/i>\t\t\t\t\t\t<\/span>\n\t\t\t\t\t\t\t\t\t\t<span class=\"elementor-icon-list-text\">Reprezentowanie interes\u00f3w cz\u0142onk\u00f3w Cechu wobec organ\u00f3w w\u0142adzy i administracji pa\u0144stwowej, organ\u00f3w samorz\u0105du terytorialnego, s\u0105d\u00f3w, urz\u0119d\u00f3w i instytucji.<\/span>\n\t\t\t\t\t\t\t\t\t<\/li>\n\t\t\t\t\t\t\t\t<li class=\"elementor-icon-list-item\">\n\t\t\t\t\t\t\t\t\t\t\t<span class=\"elementor-icon-list-icon\">\n\t\t\t\t\t\t\t<i aria-hidden=\"true\" class=\"fas fa-chevron-right\"><\/i>\t\t\t\t\t\t<\/span>\n\t\t\t\t\t\t\t\t\t\t<span class=\"elementor-icon-list-text\">Prowadzenie na rzecz cz\u0142onk\u00f3w dzia\u0142alno\u015bci spo\u0142eczno \u2013 organizacyjnej, kulturalnej, o\u015bwiatowej, socjalnej i gospodarczej.<\/span>\n\t\t\t\t\t\t\t\t\t<\/li>\n\t\t\t\t\t\t\t\t<li class=\"elementor-icon-list-item\">\n\t\t\t\t\t\t\t\t\t\t\t<span class=\"elementor-icon-list-icon\">\n\t\t\t\t\t\t\t<i aria-hidden=\"true\" class=\"fas fa-chevron-right\"><\/i>\t\t\t\t\t\t<\/span>\n\t\t\t\t\t\t\t\t\t\t<span class=\"elementor-icon-list-text\">Utrwalanie wi\u0119zi \u015brodowiskowej i postaw zgodnych z zasadami etyki i godno\u015bci zawodowej polskiego rzemie\u015blnika.<\/span>\n\t\t\t\t\t\t\t\t\t<\/li>\n\t\t\t\t\t\t\t\t<li class=\"elementor-icon-list-item\">\n\t\t\t\t\t\t\t\t\t\t\t<span class=\"elementor-icon-list-icon\">\n\t\t\t\t\t\t\t<i aria-hidden=\"true\" class=\"fas fa-chevron-right\"><\/i>\t\t\t\t\t\t<\/span>\n\t\t\t\t\t\t\t\t\t\t<span class=\"elementor-icon-list-text\">Wykonywanie na podstawie upowa\u017cnienia Izby Rzemie\u015blniczej zada\u0144 z zakresu nadzoru nad przebiegiem przygotowania zawodowego uczni\u00f3w zatrudnianych w zak\u0142adach rzemie\u015blniczych zrzeszonych w Cechu<\/span>\n\t\t\t\t\t\t\t\t\t<\/li>\n\t\t\t\t\t\t\t\t<li class=\"elementor-icon-list-item\">\n\t\t\t\t\t\t\t\t\t\t\t<span class=\"elementor-icon-list-icon\">\n\t\t\t\t\t\t\t<i aria-hidden=\"true\" class=\"fas fa-chevron-right\"><\/i>\t\t\t\t\t\t<\/span>\n\t\t\t\t\t\t\t\t\t\t<span class=\"elementor-icon-list-text\">Organizowanie pomocy w podnoszeniu kwalifikacji zawodowych cz\u0142onk\u00f3w Cechu i zatrudnionych\u00a0przez nich pracownik\u00f3w.<\/span>\n\t\t\t\t\t\t\t\t\t<\/li>\n\t\t\t\t\t\t\t\t<li class=\"elementor-icon-list-item\">\n\t\t\t\t\t\t\t\t\t\t<span class=\"elementor-icon-list-text\">&nbsp&nbsp&nbsp&nbsp&nbsp&nbsp&nbsp* kwalifikacje pedagogiczne<\/span>\n\t\t\t\t\t\t\t\t\t<\/li>\n\t\t\t\t\t\t\t\t<li class=\"elementor-icon-list-item\">\n\t\t\t\t\t\t\t\t\t\t<span class=\"elementor-icon-list-text\">&nbsp&nbsp&nbsp&nbsp&nbsp&nbsp&nbsp* uprawnienia mistrzowskie<\/span>\n\t\t\t\t\t\t\t\t\t<\/li>\n\t\t\t\t\t\t\t\t<li class=\"elementor-icon-list-item\">\n\t\t\t\t\t\t\t\t\t\t\t<span class=\"elementor-icon-list-icon\">\n\t\t\t\t\t\t\t<i aria-hidden=\"true\" class=\"fas fa-chevron-right\"><\/i>\t\t\t\t\t\t<\/span>\n\t\t\t\t\t\t\t\t\t\t<span class=\"elementor-icon-list-text\">Promocja zak\u0142ad\u00f3w szkol\u0105cych pracownik\u00f3w m\u0142odocianych.<\/span>\n\t\t\t\t\t\t\t\t\t<\/li>\n\t\t\t\t\t\t\t\t<li class=\"elementor-icon-list-item\">\n\t\t\t\t\t\t\t\t\t\t\t<span class=\"elementor-icon-list-icon\">\n\t\t\t\t\t\t\t<i aria-hidden=\"true\" class=\"fas fa-chevron-right\"><\/i>\t\t\t\t\t\t<\/span>\n\t\t\t\t\t\t\t\t\t\t<span class=\"elementor-icon-list-text\">Promocja zak\u0142ad\u00f3w szkol\u0105cych pracownik\u00f3w m\u0142odocianych.<\/span>\n\t\t\t\t\t\t\t\t\t<\/li>\n\t\t\t\t\t\t\t\t<li class=\"elementor-icon-list-item\">\n\t\t\t\t\t\t\t\t\t\t\t<span class=\"elementor-icon-list-icon\">\n\t\t\t\t\t\t\t<i aria-hidden=\"true\" class=\"fas fa-chevron-right\"><\/i>\t\t\t\t\t\t<\/span>\n\t\t\t\t\t\t\t\t\t\t<span class=\"elementor-icon-list-text\">Udzielanie pomocy pracodawcom w rekrutacji uczni\u00f3w do nauki zawodu.<\/span>\n\t\t\t\t\t\t\t\t\t<\/li>\n\t\t\t\t\t\t\t\t<li class=\"elementor-icon-list-item\">\n\t\t\t\t\t\t\t\t\t\t\t<span class=\"elementor-icon-list-icon\">\n\t\t\t\t\t\t\t<i aria-hidden=\"true\" class=\"fas fa-chevron-right\"><\/i>\t\t\t\t\t\t<\/span>\n\t\t\t\t\t\t\t\t\t\t<span class=\"elementor-icon-list-text\">Po\u015brednictwo w zawieraniu um\u00f3w o prac\u0119 z pracownikami m\u0142odocianymi.<\/span>\n\t\t\t\t\t\t\t\t\t<\/li>\n\t\t\t\t\t\t\t\t<li class=\"elementor-icon-list-item\">\n\t\t\t\t\t\t\t\t\t\t\t<span class=\"elementor-icon-list-icon\">\n\t\t\t\t\t\t\t<i aria-hidden=\"true\" class=\"fas fa-chevron-right\"><\/i>\t\t\t\t\t\t<\/span>\n\t\t\t\t\t\t\t\t\t\t<span class=\"elementor-icon-list-text\">Pomoc w uzyskaniu \u015brodk\u00f3w pieni\u0119\u017cnych z tytu\u0142u:<\/span>\n\t\t\t\t\t\t\t\t\t<\/li>\n\t\t\t\t\t\t\t\t<li class=\"elementor-icon-list-item\">\n\t\t\t\t\t\t\t\t\t\t<span class=\"elementor-icon-list-text\">&nbsp&nbsp&nbsp&nbsp&nbsp&nbsp&nbsp* refundacji wynagrodze\u0144 i sk\u0142adek na ubezpieczenie spo\u0142eczne<\/span>\n\t\t\t\t\t\t\t\t\t<\/li>\n\t\t\t\t\t\t\t\t<li class=\"elementor-icon-list-item\">\n\t\t\t\t\t\t\t\t\t\t<span class=\"elementor-icon-list-text\">&nbsp&nbsp&nbsp&nbsp&nbsp&nbsp&nbsp* dofinansowa\u0144 po wyszkoleniu ucznia<\/span>\n\t\t\t\t\t\t\t\t\t<\/li>\n\t\t\t\t\t\t\t\t<li class=\"elementor-icon-list-item\">\n\t\t\t\t\t\t\t\t\t\t\t<span class=\"elementor-icon-list-icon\">\n\t\t\t\t\t\t\t<i aria-hidden=\"true\" class=\"fas fa-chevron-right\"><\/i>\t\t\t\t\t\t<\/span>\n\t\t\t\t\t\t\t\t\t\t<span class=\"elementor-icon-list-text\">Doradztwo w zakresie zatrudniania pracownik\u00f3w m\u0142odocianych<\/span>\n\t\t\t\t\t\t\t\t\t<\/li>\n\t\t\t\t\t\t<\/ul>\n\t\t\t\t<\/div>\n\t\t\t\t<\/div>\n\t\t\t\t<div class=\"elementor-element elementor-element-b8be089 elementor-widget elementor-widget-spacer\" data-id=\"b8be089\" data-element_type=\"widget\" data-widget_type=\"spacer.default\">\n\t\t\t\t<div class=\"elementor-widget-container\">\n\t\t\t\t\t<div class=\"elementor-spacer\">\n\t\t\t<div class=\"elementor-spacer-inner\"><\/div>\n\t\t<\/div>\n\t\t\t\t<\/div>\n\t\t\t\t<\/div>\n\t\t\t\t\t<\/div>\n\t\t<\/div>\n\t\t\t\t\t\t\t<\/div>\n\t\t<\/section>\n\t\t\t\t\t\t\t<\/div>\n\t\t","protected":false},"excerpt":{"rendered":"<p>Informacje og\u00f3lne Cech jest stowarzyszeniem zrzeszaj\u0105cym pracodawc\u00f3w na terenie miasta i gminy \u0141om\u017ca oraz powiatu \u0142om\u017cy\u0144skiego. Do g\u0142\u00f3wnych zada\u0144 Cechu nale\u017cy: Reprezentowanie interes\u00f3w cz\u0142onk\u00f3w Cechu wobec organ\u00f3w w\u0142adzy i administracji pa\u0144stwowej, organ\u00f3w samorz\u0105du terytorialnego, s\u0105d\u00f3w, urz\u0119d\u00f3w i instytucji. Prowadzenie na rzecz cz\u0142onk\u00f3w dzia\u0142alno\u015bci spo\u0142eczno \u2013 organizacyjnej, kulturalnej, o\u015bwiatowej, socjalnej i gospodarczej. Utrwalanie wi\u0119zi \u015brodowiskowej i [&hellip;]<\/p>\n","protected":false},"author":3,"featured_media":0,"parent":0,"menu_order":0,"comment_status":"closed","ping_status":"closed","template":"","meta":{"footnotes":""},"class_list":["post-677","page","type-page","status-publish","hentry","entry"],"_links":{"self":[{"href":"https:\/\/cechlomza.pl\/index.php\/wp-json\/wp\/v2\/pages\/677","targetHints":{"allow":["GET"]}}],"collection":[{"href":"https:\/\/cechlomza.pl\/index.php\/wp-json\/wp\/v2\/pages"}],"about":[{"href":"https:\/\/cechlomza.pl\/index.php\/wp-json\/wp\/v2\/types\/page"}],"author":[{"embeddable":true,"href":"https:\/\/cechlomza.pl\/index.php\/wp-json\/wp\/v2\/users\/3"}],"replies":[{"embeddable":true,"href":"https:\/\/cechlomza.pl\/index.php\/wp-json\/wp\/v2\/comments?post=677"}],"version-history":[{"count":10,"href":"https:\/\/cechlomza.pl\/index.php\/wp-json\/wp\/v2\/pages\/677\/revisions"}],"predecessor-version":[{"id":687,"href":"https:\/\/cechlomza.pl\/index.php\/wp-json\/wp\/v2\/pages\/677\/revisions\/687"}],"wp:attachment":[{"href":"https:\/\/cechlomza.pl\/index.php\/wp-json\/wp\/v2\/media?parent=677"}],"curies":[{"name":"wp","href":"https:\/\/api.w.org\/{rel}","templated":true}]}}

<div data-elementor-type="wp-page" data-elementor-id="677" class="elementor elementor-677" data-elementor-post-type="page">
									<section class="elementor-section elementor-top-section elementor-element elementor-element-b0b0836 elementor-section-boxed elementor-section-height-default elementor-section-height-default" data-id="b0b0836" data-element_type="section">
						<div class="elementor-container elementor-column-gap-default">
					<div class="elementor-column elementor-col-100 elementor-top-column elementor-element elementor-element-49f5d2c" data-id="49f5d2c" data-element_type="column">
			<div class="elementor-widget-wrap elementor-element-populated">
								<div class="elementor-element elementor-element-6330613 elementor-widget elementor-widget-heading" data-id="6330613" data-element_type="widget" data-widget_type="heading.default">
				<div class="elementor-widget-container">
			<h1 class="elementor-heading-title elementor-size-xxl">Informacje ogólne</h1>		</div>
				</div>
				<div class="elementor-element elementor-element-ab65c9e elementor-widget elementor-widget-spacer" data-id="ab65c9e" data-element_type="widget" data-widget_type="spacer.default">
				<div class="elementor-widget-container">
					<div class="elementor-spacer">
			<div class="elementor-spacer-inner"></div>
		</div>
				</div>
				</div>
				<div class="elementor-element elementor-element-3ee2902 elementor-widget elementor-widget-text-editor" data-id="3ee2902" data-element_type="widget" data-widget_type="text-editor.default">
				<div class="elementor-widget-container">
							<p>Cech jest stowarzyszeniem zrzeszającym pracodawców na terenie miasta i gminy Łomża oraz powiatu łomżyńskiego.</p>						</div>
				</div>
				<div class="elementor-element elementor-element-e562486 elementor-widget elementor-widget-text-editor" data-id="e562486" data-element_type="widget" data-widget_type="text-editor.default">
				<div class="elementor-widget-container">
							<p><strong>Do głównych zadań Cechu należy:</strong></p>						</div>
				</div>
				<div class="elementor-element elementor-element-085956b elementor-icon-list--layout-traditional elementor-list-item-link-full_width elementor-widget elementor-widget-icon-list" data-id="085956b" data-element_type="widget" data-widget_type="icon-list.default">
				<div class="elementor-widget-container">
					<ul class="elementor-icon-list-items">
							<li class="elementor-icon-list-item">
											<span class="elementor-icon-list-icon">
							<i aria-hidden="true" class="fas fa-chevron-right"></i>						</span>
										<span class="elementor-icon-list-text">Reprezentowanie interesów członków Cechu wobec organów władzy i administracji państwowej, organów samorządu terytorialnego, sądów, urzędów i instytucji.</span>
									</li>
								<li class="elementor-icon-list-item">
											<span class="elementor-icon-list-icon">
							<i aria-hidden="true" class="fas fa-chevron-right"></i>						</span>
										<span class="elementor-icon-list-text">Prowadzenie na rzecz członków działalności społeczno – organizacyjnej, kulturalnej, oświatowej, socjalnej i gospodarczej.</span>
									</li>
								<li class="elementor-icon-list-item">
											<span class="elementor-icon-list-icon">
							<i aria-hidden="true" class="fas fa-chevron-right"></i>						</span>
										<span class="elementor-icon-list-text">Utrwalanie więzi środowiskowej i postaw zgodnych z zasadami etyki i godności zawodowej polskiego rzemieślnika.</span>
									</li>
								<li class="elementor-icon-list-item">
											<span class="elementor-icon-list-icon">
							<i aria-hidden="true" class="fas fa-chevron-right"></i>						</span>
										<span class="elementor-icon-list-text">Wykonywanie na podstawie upoważnienia Izby Rzemieślniczej zadań z zakresu nadzoru nad przebiegiem przygotowania zawodowego uczniów zatrudnianych w zakładach rzemieślniczych zrzeszonych w Cechu</span>
									</li>
								<li class="elementor-icon-list-item">
											<span class="elementor-icon-list-icon">
							<i aria-hidden="true" class="fas fa-chevron-right"></i>						</span>
										<span class="elementor-icon-list-text">Organizowanie pomocy w podnoszeniu kwalifikacji zawodowych członków Cechu i zatrudnionych przez nich pracowników.</span>
									</li>
								<li class="elementor-icon-list-item">
										<span class="elementor-icon-list-text">&nbsp&nbsp&nbsp&nbsp&nbsp&nbsp&nbsp* kwalifikacje pedagogiczne</span>
									</li>
								<li class="elementor-icon-list-item">
										<span class="elementor-icon-list-text">&nbsp&nbsp&nbsp&nbsp&nbsp&nbsp&nbsp* uprawnienia mistrzowskie</span>
									</li>
								<li class="elementor-icon-list-item">
											<span class="elementor-icon-list-icon">
							<i aria-hidden="true" class="fas fa-chevron-right"></i>						</span>
										<span class="elementor-icon-list-text">Promocja zakładów szkolących pracowników młodocianych.</span>
									</li>
								<li class="elementor-icon-list-item">
											<span class="elementor-icon-list-icon">
							<i aria-hidden="true" class="fas fa-chevron-right"></i>						</span>
										<span class="elementor-icon-list-text">Promocja zakładów szkolących pracowników młodocianych.</span>
									</li>
								<li class="elementor-icon-list-item">
											<span class="elementor-icon-list-icon">
							<i aria-hidden="true" class="fas fa-chevron-right"></i>						</span>
										<span class="elementor-icon-list-text">Udzielanie pomocy pracodawcom w rekrutacji uczniów do nauki zawodu.</span>
									</li>
								<li class="elementor-icon-list-item">
											<span class="elementor-icon-list-icon">
							<i aria-hidden="true" class="fas fa-chevron-right"></i>						</span>
										<span class="elementor-icon-list-text">Pośrednictwo w zawieraniu umów o pracę z pracownikami młodocianymi.</span>
									</li>
								<li class="elementor-icon-list-item">
											<span class="elementor-icon-list-icon">
							<i aria-hidden="true" class="fas fa-chevron-right"></i>						</span>
										<span class="elementor-icon-list-text">Pomoc w uzyskaniu środków pieniężnych z tytułu:</span>
									</li>
								<li class="elementor-icon-list-item">
										<span class="elementor-icon-list-text">&nbsp&nbsp&nbsp&nbsp&nbsp&nbsp&nbsp* refundacji wynagrodzeń i składek na ubezpieczenie społeczne</span>
									</li>
								<li class="elementor-icon-list-item">
										<span class="elementor-icon-list-text">&nbsp&nbsp&nbsp&nbsp&nbsp&nbsp&nbsp* dofinansowań po wyszkoleniu ucznia</span>
									</li>
								<li class="elementor-icon-list-item">
											<span class="elementor-icon-list-icon">
							<i aria-hidden="true" class="fas fa-chevron-right"></i>						</span>
										<span class="elementor-icon-list-text">Doradztwo w zakresie zatrudniania pracowników młodocianych</span>
									</li>
						</ul>
				</div>
				</div>
				<div class="elementor-element elementor-element-b8be089 elementor-widget elementor-widget-spacer" data-id="b8be089" data-element_type="widget" data-widget_type="spacer.default">
				<div class="elementor-widget-container">
					<div class="elementor-spacer">
			<div class="elementor-spacer-inner"></div>
		</div>
				</div>
				</div>
					</div>
		</div>
							</div>
		</section>
							</div>

<p>Informacje ogólne Cech jest stowarzyszeniem zrzeszającym pracodawców na terenie miasta i gminy Łomża oraz powiatu łomżyńskiego. Do głównych zadań Cechu należy: Reprezentowanie interesów członków Cechu wobec organów władzy i administracji państwowej, organów samorządu terytorialnego, sądów, urzędów i instytucji. Prowadzenie na rzecz członków działalności społeczno – organizacyjnej, kulturalnej, oświatowej, socjalnej i gospodarczej. Utrwalanie więzi środowiskowej i [&hellip;]</p>
